hen 71 is divided by -1*(1*k - 2).
23
Let j(k) = -k - 3. Let l be j(-3). Suppose l = 3*c - 45 - 72. Calculate the remainder when c is divided by 10.
9
Let i(v) be the first derivative of -v**4/4 + 5*v**3/3 + 2*v**2 + 7*v - 4. Let a be i(-5). Suppose d = -2*d + a. What is the remainder when d is divided by 20?
19
Let b = 4 + 20. Calculate the remainder when b is divided by 7.
3
Let p(z) = 10*z + 1. Let c be p(5). Suppose b = -2*b + c. What is the remainder when b is divided by 10?
7
Suppose 2*x - y - 369 = 17, 2*x + y = 386. What is the remainder when x is divided by 49?
46
Let k = 66 + -40. What is the remainder when k is divided by 9?
8
Let q(w) = 23*w + 16. Let m be q(9). Let p = m + -125. Calculate the remainder when p is divided by 25.
23
Suppose 5*z - 3*l = 165, l = 4*z + 5*l - 132. What is the remainder when (-284)/(-71) - (-61)/2*2 is divided by z?
32
Suppose 5*h - 2*k = -3*k + 109, 29 = h + 2*k. What is the remainder when h is divided by 11?
10
Suppose 0 = 3*z - 8*z + 90. Suppose 4 + 1 = 5*p. Let w = p - -51. Calculate the remainder when w is divided by z.
16
Suppose 4*i + 3*g - 9 = 11, 5 = i - 3*g. Suppose -3*j = r - i, r - 4*r + 27 = 5*j. Calculate the remainder when r is divided by 5.
4
Suppose -2*y + 45 = -y. What is the remainder when y is divided by 12?
9
Suppose -4*o - 4*l = -20, -3*l = o - 20 + 7. Suppose -2*c = v + o - 36, 3*c - 50 = -2*v. What is the remainder when 37 is divided by c?
17
Let a = 4 + -1. Let j(h) = 20*h**3 + 2*h**2 - 2*h + 1. What is the remainder when a/12 + (-159)/(-4) is divided by j(1)?
19
Let t = 25 - 20. Calculate the remainder when t is divided by 3.
2
Let i(d) = -4*d - 1 + 22*d - 2*d. Let a(o) = o**2 - 4*o + 4. Let p be a(3). Calculate the remainder when 28 is divided by i(p).
13
Suppose -3*d - 353 + 43 = -4*y, 5*y + 5*d = 405. Suppose 5*a = -14 + y. Let b(w) = w**2 + 2*w - 10. What is the remainder when b(-7) is divided by a?
12
What is the remainder when 1 + 18 - (0 - -4) is divided by 8?
7
Let w = 10 - 3. Suppose -56 = -w*a + 3*a. What is the remainder when 53 is divided by a?
11
Let i(r) = -3*r + 15. What is the remainder when i(0) is divided by 9?
6
Suppose -u - 4 = 2*d, 3*d - 3*u = -5*u - 7. Let c(o) = -3*o**3 - o**2 + 1. Calculate the remainder when 13 is divided by c(d).
1
What is the remainder when 128/10*75/30 is divided by 11?
10
Suppose 2*v = -0*v + 18. What is the remainder when 28 is divided by v?
1
Suppose -8*w + 9*w = 4. What is the remainder when 15 is divided by w?
3
Suppose -6*n - 10 = -n. Let j(h) = -h**3 - h**2 + h + 2. Calculate the remainder when 11 is divided by j(n).
3
Let c = 146 + -81. Let b = -2 + 6. Suppose 0 = o + b*o - c. What is the remainder when 24 is divided by o?
11
Let c(n) = -n**3 - n**2 - 3. Let a be c(-3). Suppose -a = -5*d + 5. Calculate the remainder when 19 is divided by d.
3
Suppose -23*y = -29*y + 174. What is the remainder when 202 is divided by y?
28
Suppose -12 = -4*z, 2*m + 3*z - 23 = -0*m. Calculate the remainder when 5/4*m*4 is divided by 12.
11
Let j be ((-6)/9)/((-1)/6). Let u(l) = l**2 - 2*l - 1. What is the remainder when 25 is divided by u(j)?
4
Let f = -1 + 2. Suppose -o - 5*r = -2*o + 12, -r + 6 = 4*o. What is the remainder when o is divided by f?
0
Let n = 0 - -1. Let v = 2 + n. Calculate the remainder when (-1 - -23)/(1 + 1) is divided by v.
2
Let x(b) = -5*b. Suppose 3*q - 4*q + 5 = 0. Let v(c) = 3*c**2 - 6*c - 1. Calculate the remainder when v(q) is divided by x(-3).
14
Calculate the remainder when (-76 - (-4 - -2))*-1 is divided by 11.
8
Let z(w) = -w**2. Let k(n) = 14*n**2 - n. Let s(i) = -k(i) + 3*z(i). Let l be s(1). What is the remainder when 26 is divided by l/(-6)*(-42)/(-8)?
12
Let s be (1 - 11/3)*3. Let k = s + 24. Let h = 22 - k. Calculate the remainder when 11 is divided by h.
5
Let u(b) = 3*b**2 - b + 1. What is the remainder when u(-6) is divided by 29?
28
Let o(k) = 3*k - 3. Let j be o(2). Suppose 13 = j*r - 8. Suppose 3*c = 0, 3*c + r = f - 31. Calculate the remainder when f is divided by 13.
12
Let u(z) = -2*z**2 + 9*z - 2. Let t be u(7). Suppose 72 = 5*w - 9*w. Let n = w - t. What is the remainder when n is divided by 7?
5
Let f(m) = -m**3 + m**2. Suppose 0*o = o - 6. Let i(y) = -34*y**3 + 7*y**2 - 1. Let t(p) = o*f(p) - i(p). Calculate the remainder when t(1) is divided by 10.
8
Let n = -31 + 60. What is the remainder when n is divided by 15?
14
Let c be -1 + 2 + -149 - 2. Calculate the remainder when 48 is divided by (c/(-9))/((-2)/(-3)).
23
Suppose h - 56 = -h. What is the remainder when h is divided by 15?
13
Let y = 228 + -192. Calculate the remainder when 68 is divided by y.
32
Let r(l) = l + 1. Let x be r(3). Suppose x*g - 20 + 4 = 0. Calculate the remainder when 6 is divided by g.
2
Suppose 12 = -3*f + 4*f. Suppose 4*c + 2 = 5*c. Calculate the remainder when ((-3)/(-9))/(c/138) is divided by f.
11
Let t = 5 - -15. What is the remainder when 39 is divided by t?
19
Suppose 2*f + 6 = 4*f - 4*q, -5*q = -2*f + 2. Let p = f + -2. What is the remainder when 16 is divided by p?
7
Suppose 6*i - i = 195. Let k = i - 20. What is the remainder when 55 is divided by k?
17
Suppose 0 = 5*q - 0 - 70. Calculate the remainder when q is divided by 5.
4
Suppose 6*h = 466 + 278. What is the remainder when h is divided by 43?
38
Let w = 8 + 2. Suppose 6 = 4*n - 2*n. Calculate the remainder when 0 + (-2 + n - -18) is divided by w.
9
Let w = -2 - -8. Suppose -b + 4 = 1. Calculate the remainder when w is divided by b.
0
Let c(b) = -2*b**2 + 9*b - 8. Let l be c(6). Let f = -38 + 63. What is the remainder when f is divided by 2/(-1 + (-30)/l)?
12
Suppose -w + 25 = 5*f + 2*w, -f - w + 7 = 0. Let a = -7 + 10. Suppose -h + 2 = -a. Calculate the remainder when h is divided by f.
1
Suppose z = 3*s + 1 + 1, 0 = 4*z + 3*s + 22. Calculate the remainder when 49 is divided by (-6)/(-8) + (-49)/z.
10
Let i be 3/12 - (-51)/4. Suppose f - i = -3*l, 5*l - 3*f = 5 - 2. What is the remainder when 23 is divided by 24/6 + l + -1?
5
Suppose f - 17 = -2*v, 2*v - 3*f - 5 = -0. Calculate the remainder when 12 is divided by v.
5
Let c = -153 - -174. Calculate the remainder when 83 is divided by c.
20
Suppose w = 3*l + 6*w - 70, -l - 5*w + 30 = 0. What is the remainder when l is divided by 7?
6
Suppose 4 = -2*c - 6. Let q(r) = -8*r + 7. Let i be q(c). Suppose -2*j + i = 11. Calculate the remainder when j is divided by 10.
8
Suppose 70 = 5*r - 2*p, 3*p = -2*r - 0*r + 28. Let u be 7/4 - (-1)/4. Let y = 2 + u. What is the remainder when r is divided by y?
2
Let h = 15 - 5. Calculate the remainder when 38 is divided by h.
8
Let y(x) = 4*x - 2. Let f be y(2). Let n = 12 - f. Suppose 0 = -2*a - n + 2, -245 = -5*v + 5*a. What is the remainder when v is divided by 12?
11
Suppose 0 = -5*i + 28 + 47. Suppose u + 2*u - 18 = 0. Calculate the remainder when i is divided by u.
3
Suppose 3*i - 4 = o, -o = 5*i - 2*o - 8. What is the remainder when 2 is divided by i?
0
Let z(o) = o**3 + 7*o**2 - 9*o - 3. Calculate the remainder when z(-8) is divided by 4.
1
Suppose 0*i + 42 = 3*i. Calculate the remainder when i is divided by 5.
4
Suppose -34 - 11 = -3*h. What is the remainder when h is divided by (-5)/(-1) - (-4 + 0/(-2))?
6
Calculate the remainder when 473/129 + ((-5)/3 - -1) is divided by 1*-1 - (-1 + -1).
0
Suppose 3*x = 7*x - 84. Calculate the remainder when 76 is divided by x.
13
Suppose 0*r - 2*r + 2*x + 18 = 0, 2*r - 30 = -4*x. Calculate the remainder when r is divided by 2.
1
Let o = -24 - -16. Let v = -1 - o. Calculate the remainder when v is divided by 5.
2
Let r(t) = t**3 + 5*t**2 + 3*t + 7. Let a be r(-5). Let b(u) = u**2 + 5*u + 2. What is the remainder when b(a) is divided by 9?
8
Let u(g) = -g**2 - 3*g + 2. Let b be u(-3). Suppose -9 = -j - b*j. What is the remainder when (-15)/(2 + (-9)/j) is divided by 8?
7
Let b(l) = l**3 + 9*l**2 + 3*l - 11. Let y be (-2)/(-8) - 29/4. Let m = y + -1. Calculate the remainder when b(m) is divided by 10.
9
Suppose -l + 70 = 4*l. Calculate the remainder when 50 is divided by l.
8
Let a(c) = -2*c**3 - 13*c**2 - 4*c - 7. What is the remainder when a(-7) is divided by 15?
10
Suppose 120 = 3*z - m, -3*z + 5*m + 174 = 66. What is the remainder when z is divided by 16?
9
Let y(g) = g**2 - 5 + 2*g**2 + 6*g - 2*g - 2*g**2. Let j be y(-5).